{"id":54,"date":"2019-09-26T09:20:03","date_gmt":"2019-09-26T07:20:03","guid":{"rendered":"https:\/\/tecwin.de\/cms-wp\/?page_id=54"},"modified":"2026-04-16T13:10:41","modified_gmt":"2026-04-16T11:10:41","slug":"gehrden-ronnenberg","status":"publish","type":"page","link":"https:\/\/www.kreislandfrauen-hannover.de\/?page_id=54","title":{"rendered":"Gehrden-Ronnenberg"},"content":{"rendered":"<div class=\"wp-block-image\">\n<figure class=\"aligncenter\"><img loading=\"lazy\" decoding=\"async\" width=\"498\" height=\"102\" src=\"https:\/\/www.kreislandfrauen-hannover.de\/wp-content\/uploads\/2019\/09\/g-logo.png\" alt=\"\" class=\"wp-image-541\" srcset=\"https:\/\/www.kreislandfrauen-hannover.de\/wp-content\/uploads\/2019\/09\/g-logo.png 498w, https:\/\/www.kreislandfrauen-hannover.de\/wp-content\/uploads\/2019\/09\/g-logo-300x61.png 300w\" sizes=\"auto, (max-width: 498px) 100vw, 498px\" \/><\/figure>\n<\/div>\n\n\n<hr class=\"wp-block-separator has-css-opacity is-style-wide\"\/>\n\n\n\n<hr class=\"wp-block-separator has-css-opacity is-style-wide\"\/>\n\n\n\n<h2 class=\"wp-block-heading has-text-align-center\" id=\"liebe-leserin-herzlich-willkommen-auf-unserer-website--7055650b-31ea-4061-85c4-93b3de67dc08\">Liebe LeserIn, <br>herzlich willkommen auf unserer Website <\/h2>\n\n\n\n<hr class=\"wp-block-separator has-css-opacity alignwide\"\/>\n\n\n\n<p class=\"has-medium-font-size\"><strong><em>Wer sind wir?<\/em><\/strong><br>Unser Verein Gehrden-Ronnenberg-Hemmingen-Wennigsen hat z. Zt. 380 Mitglieder, die aus 29 Orten bzw. St\u00e4dten des Calenberger Landes kommen. Unser Einzugsgebiet erstreckt sich von Lenthe im Norden \u00fcber Bredenbeck im S\u00fcden, G\u00f6xe im Westen bis zu Hemmingen im Osten. <\/p>\n\n\n<div class=\"wp-block-image\">\n<figure class=\"aligncenter\"><img loading=\"lazy\" decoding=\"async\" width=\"600\" height=\"450\" src=\"https:\/\/www.kreislandfrauen-hannover.de\/wp-content\/uploads\/2019\/09\/G-Orte.jpg\" alt=\"\" class=\"wp-image-313\" srcset=\"https:\/\/www.kreislandfrauen-hannover.de\/wp-content\/uploads\/2019\/09\/G-Orte.jpg 600w, https:\/\/www.kreislandfrauen-hannover.de\/wp-content\/uploads\/2019\/09\/G-Orte-300x225.jpg 300w\" sizes=\"auto, (max-width: 600px) 100vw, 600px\" \/><\/figure>\n<\/div>\n\n\n<p class=\"has-medium-font-size\">Das abwechslungsreiche Programm besteht aus Vortragsveranstaltungen, Seminaren und Reisen. Wir bieten unterhaltsame und interessante Vortr\u00e4ge mit Themen aus der Gesellschafts- und Sozialpolitik, Kultur und Gesundheit, sowie informative Reiseberichte.<\/p>\n\n\n\n<p class=\"has-medium-font-size\">Schauen Sie einfach mal in unsere Veranstaltungen herein.<\/p>\n\n\n\n<p class=\"has-medium-font-size\">Bei unseren Aktivit\u00e4ten k\u00f6nnen Sie Kontakte kn\u00fcpfen, gem\u00fctlich zusammen kommen oder sich weiterbilden.<\/p>\n\n\n\n<hr class=\"wp-block-separator has-css-opacity is-style-wide\"\/>\n\n\n\n<h2 class=\"wp-block-heading has-text-align-center\" id=\"-aaab0951-34c6-405e-8df1-657e957d378a\"><strong>N\u00e4chste Veranstaltung:<\/strong><\/h2>\n\n\n\n<p class=\"has-text-align-center has-medium-font-size\"><strong>26.06.2026 16:00 Uhr<\/strong> <\/p>\n\n\n\n<p class=\"has-text-align-center has-large-font-size\"><strong>80-j\u00e4hriges Jubil\u00e4um LFV Gehrden-Ronnenberg-Hemmingen<\/strong><\/p>\n\n\n\n<p class=\"has-text-align-center\"><strong>im<\/strong> <strong>Stadtteilzentrum<\/strong> <strong>Ricklingen<\/strong><\/p>\n\n\n\n<p><\/p>\n","protected":false},"excerpt":{"rendered":"<p>Liebe LeserIn, herzlich willkommen auf unserer Website Wer sind wir?Unser Verein Gehrden-Ronnenberg-Hemmingen-Wennigsen hat z. Zt. 380 Mitglieder, die aus 29 Orten bzw. St\u00e4dten des Calenberger Landes kommen. Unser Einzugsgebiet erstreckt sich von Lenthe im Norden \u00fcber Bredenbeck im S\u00fcden, G\u00f6xe im Westen bis zu Hemmingen im Osten. Das abwechslungsreiche Programm besteht aus Vortragsveranstaltungen, Seminaren und [&hellip;]<\/p>\n","protected":false},"author":1,"featured_media":0,"parent":0,"menu_order":1,"comment_status":"closed","ping_status":"closed","template":"","meta":{"advgb_blocks_editor_width":"","advgb_blocks_columns_visual_guide":"","footnotes":""},"class_list":["post-54","page","type-page","status-publish","hentry","entry"],"coauthors":[],"author_meta":{"author_link":"https:\/\/www.kreislandfrauen-hannover.de\/?author=1","display_name":"admin"},"relative_dates":{"created":"Ver\u00f6ffentlicht 7\u00a0Jahren vor","modified":"Aktualisiert 2\u00a0Wochen vor"},"absolute_dates":{"created":"Ver\u00f6ffentlicht am 26. September 2019","modified":"Aktualisiert am 16. April 2026"},"absolute_dates_time":{"created":"Ver\u00f6ffentlicht am 26. September 2019 9:20 a.m.","modified":"Aktualisiert am 16. April 2026 1:10 p.m."},"featured_img_caption":"","featured_img":false,"series_order":"","_links":{"self":[{"href":"https:\/\/www.kreislandfrauen-hannover.de\/index.php?rest_route=\/wp\/v2\/pages\/54","targetHints":{"allow":["GET"]}}],"collection":[{"href":"https:\/\/www.kreislandfrauen-hannover.de\/index.php?rest_route=\/wp\/v2\/pages"}],"about":[{"href":"https:\/\/www.kreislandfrauen-hannover.de\/index.php?rest_route=\/wp\/v2\/types\/page"}],"author":[{"embeddable":true,"href":"https:\/\/www.kreislandfrauen-hannover.de\/index.php?rest_route=\/wp\/v2\/users\/1"}],"replies":[{"embeddable":true,"href":"https:\/\/www.kreislandfrauen-hannover.de\/index.php?rest_route=%2Fwp%2Fv2%2Fcomments&post=54"}],"version-history":[{"count":122,"href":"https:\/\/www.kreislandfrauen-hannover.de\/index.php?rest_route=\/wp\/v2\/pages\/54\/revisions"}],"predecessor-version":[{"id":8478,"href":"https:\/\/www.kreislandfrauen-hannover.de\/index.php?rest_route=\/wp\/v2\/pages\/54\/revisions\/8478"}],"wp:attachment":[{"href":"https:\/\/www.kreislandfrauen-hannover.de\/index.php?rest_route=%2Fwp%2Fv2%2Fmedia&parent=54"}],"curies":[{"name":"wp","href":"https:\/\/api.w.org\/{rel}","templated":true}]}}