{"id":11,"date":"2019-09-26T08:10:49","date_gmt":"2019-09-26T08:10:49","guid":{"rendered":"https:\/\/tecwin.de\/cms-wp\/?page_id=11"},"modified":"2023-02-12T18:10:43","modified_gmt":"2023-02-12T17:10:43","slug":"impressum","status":"publish","type":"page","link":"https:\/\/www.kreislandfrauen-hannover.de\/?page_id=11","title":{"rendered":"Impressum"},"content":{"rendered":"\n<h2 class=\"has-text-align-center wp-block-heading advgb-dyn-63bc240d\">Impressum<\/h2>\n\n\n\n<p><strong>Angaben gem\u00e4\u00df \u00a7 5 TMG<br>Sowie verantwortlich f\u00fcr den Inhalt nach  \u00a7 55 Abs. 2 RStV <\/strong><\/p>\n\n\n\n<p>Kreis LandFrauen Hannover<br>Dagmar Schwake<br>Kreisvorsitzende im Team<br><br>Rehrbrinkstr. 22<br>30890 Barsinghausen<br><br><br>E-Mail: landfrauen-kv-hannover@freenet.de<\/p>\n\n\n\n<p>Wir sind nicht bereit oder verpflichtet, an Streitbeilegungsverfahren vor einer Verbraucherschlichtungsstelle teilzunehmen.<\/p>\n\n\n\n<hr class=\"wp-block-separator has-css-opacity is-style-wide advgb-dyn-837e6e76\"\/>\n\n\n\n<p><strong>Webdesign<\/strong><br>Yvonne Scholz<br>Marketing \u2013 Design \u2013 Webworking<br><a rel=\"noreferrer noopener\" aria-label=\"yvonnescholz.de (\u00f6ffnet in neuem Tab)\" href=\"https:\/\/yvonnescholz.de\" target=\"_blank\">yvonnescholz.de<\/a><br><br><strong>Technische Betreuung<\/strong><br>R\u00fcdiger Rofalski<br>Computer Service<br><a rel=\"noreferrer noopener\" aria-label=\"rofalski.de (\u00f6ffnet in neuem Tab)\" href=\"http:\/\/www.rofalski.de\/\" target=\"_blank\">rofalski.de<\/a><br><br><strong>Credits<\/strong><br>Kartenausschnitt auf der Startseite<br>Daten von <a href=\"https:\/\/www.openstreetmap.org\" target=\"_blank\" rel=\"noreferrer noopener\" aria-label=\"Open Street Map (\u00f6ffnet in neuem Tab)\">Open Street Map<\/a>, ver\u00f6ffentlicht unter <a rel=\"noreferrer noopener\" aria-label=\"ODbL (\u00f6ffnet in neuem Tab)\" href=\"https:\/\/opendatacommons.org\/licenses\/odbl\/\" target=\"_blank\">ODbL<\/a><\/p>\n\n\n\n<hr class=\"wp-block-separator has-css-opacity is-style-wide advgb-dyn-837e6e76\"\/>\n\n\n\n<p><strong>Haftung<\/strong> <br>f\u00fcr InhalteAls Diensteanbieter sind wir gem\u00e4\u00df \u00a7 7 Abs.1 TMG f\u00fcr eigene Inhalte auf diesen Seiten nach den allgemeinen Gesetzen verantwortlich. Nach \u00a7\u00a7 8 bis 10 TMG sind wir als Diensteanbieter jedoch nicht verpflichtet, \u00fcbermittelte oder gespeicherte fremde Informationen zu \u00fcberwachen oder nach Umst\u00e4nden zu forschen, die auf eine rechtswidrige T\u00e4tigkeit hinweisen. <br>Verpflichtungen zur Entfernung oder Sperrung der Nutzung von Informationen nach den allgemeinen Gesetzen bleiben hiervon unber\u00fchrt. Eine diesbez\u00fcgliche Haftung ist jedoch erst ab dem Zeitpunkt der Kenntnis einer konkreten Rechtsverletzung m\u00f6glich. Bei Bekanntwerden von entsprechenden Rechtsverletzungen werden wir diese Inhalte umgehend entfernen.<br><br><strong>Haftung f\u00fcr Links<\/strong><br>Unser Angebot enth\u00e4lt Links zu externen Websites Dritter, auf deren Inhalte wir keinen Einfluss haben. Deshalb k\u00f6nnen wir f\u00fcr diese fremden Inhalte auch keine Gew\u00e4hr \u00fcbernehmen. F\u00fcr die Inhalte der verlinkten Seiten ist stets der jeweilige Anbieter oder Betreiber der Seiten verantwortlich. Die verlinkten Seiten wurden zum Zeitpunkt der Verlinkung auf m\u00f6gliche Rechtsverst\u00f6\u00dfe \u00fcberpr\u00fcft. Rechtswidrige Inhalte waren zum Zeitpunkt der Verlinkung nicht erkennbar.<br>Eine permanente inhaltliche Kontrolle der verlinkten Seiten ist jedoch ohne konkrete Anhaltspunkte einer Rechtsverletzung nicht zumutbar. Bei Bekanntwerden von Rechtsverletzungen werden wir derartige Links umgehend entfernen.<br><br><strong>Urheberrecht<\/strong><br>Die durch die Seitenbetreiber erstellten Inhalte und Werke auf diesen Seiten unterliegen dem deutschen Urheberrecht. Die Vervielf\u00e4ltigung, Bearbeitung, Verbreitung und jede Art der Verwertung au\u00dferhalb der Grenzen des Urheberrechtes bed\u00fcrfen der schriftlichen Zustimmung des jeweiligen Autors bzw. Erstellers. Downloads und Kopien dieser Seite sind nur f\u00fcr den privaten, nicht kommerziellen Gebrauch gestattet.<br>Soweit die Inhalte auf dieser Seite nicht vom Betreiber erstellt wurden, werden die Urheberrechte Dritter beachtet. Insbesondere werden Inhalte Dritter als solche gekennzeichnet. Sollten Sie trotzdem auf eine Urheberrechtsverletzung aufmerksam werden, bitten wir um einen entsprechenden Hinweis. Bei Bekanntwerden von Rechtsverletzungen werden wir derartige Inhalte umgehend entfernen.<\/p>\n\n\n<div class=\"wp-block-image\">\n<figure class=\"alignleft advgb-dyn-33a68ae1\"><img loading=\"lazy\" decoding=\"async\" width=\"230\" height=\"80\" src=\"https:\/\/www.kreislandfrauen-hannover.de\/wp-content\/uploads\/2019\/09\/erecht24-grau-impressum-klein.png\" alt=\"\" class=\"wp-image-179\"\/><\/figure>\n<\/div>","protected":false},"excerpt":{"rendered":"<p>Impressum Angaben gem\u00e4\u00df \u00a7 5 TMGSowie verantwortlich f\u00fcr den Inhalt nach \u00a7 55 Abs. 2 RStV Kreis LandFrauen HannoverDagmar SchwakeKreisvorsitzende im Team Rehrbrinkstr. 2230890 Barsinghausen E-Mail: landfrauen-kv-hannover@freenet.de Wir sind nicht bereit oder verpflichtet, an Streitbeilegungsverfahren vor einer Verbraucherschlichtungsstelle teilzunehmen. WebdesignYvonne ScholzMarketing \u2013 Design \u2013 Webworkingyvonnescholz.de Technische BetreuungR\u00fcdiger RofalskiComputer Servicerofalski.de CreditsKartenausschnitt auf der StartseiteDaten von Open [&hellip;]<\/p>\n","protected":false},"author":1,"featured_media":0,"parent":0,"menu_order":0,"comment_status":"closed","ping_status":"closed","template":"","meta":{"advgb_blocks_editor_width":"","advgb_blocks_columns_visual_guide":"","footnotes":""},"class_list":["post-11","page","type-page","status-publish","hentry","entry"],"coauthors":[],"author_meta":{"author_link":"https:\/\/www.kreislandfrauen-hannover.de\/?author=1","display_name":"admin"},"relative_dates":{"created":"Ver\u00f6ffentlicht 7\u00a0Jahren vor","modified":"Aktualisiert 3\u00a0Jahren vor"},"absolute_dates":{"created":"Ver\u00f6ffentlicht am 26. September 2019","modified":"Aktualisiert am 12. Februar 2023"},"absolute_dates_time":{"created":"Ver\u00f6ffentlicht am 26. September 2019 8:10 a.m.","modified":"Aktualisiert am 12. Februar 2023 6:10 p.m."},"featured_img_caption":"","featured_img":false,"series_order":"","_links":{"self":[{"href":"https:\/\/www.kreislandfrauen-hannover.de\/index.php?rest_route=\/wp\/v2\/pages\/11","targetHints":{"allow":["GET"]}}],"collection":[{"href":"https:\/\/www.kreislandfrauen-hannover.de\/index.php?rest_route=\/wp\/v2\/pages"}],"about":[{"href":"https:\/\/www.kreislandfrauen-hannover.de\/index.php?rest_route=\/wp\/v2\/types\/page"}],"author":[{"embeddable":true,"href":"https:\/\/www.kreislandfrauen-hannover.de\/index.php?rest_route=\/wp\/v2\/users\/1"}],"replies":[{"embeddable":true,"href":"https:\/\/www.kreislandfrauen-hannover.de\/index.php?rest_route=%2Fwp%2Fv2%2Fcomments&post=11"}],"version-history":[{"count":5,"href":"https:\/\/www.kreislandfrauen-hannover.de\/index.php?rest_route=\/wp\/v2\/pages\/11\/revisions"}],"predecessor-version":[{"id":5593,"href":"https:\/\/www.kreislandfrauen-hannover.de\/index.php?rest_route=\/wp\/v2\/pages\/11\/revisions\/5593"}],"wp:attachment":[{"href":"https:\/\/www.kreislandfrauen-hannover.de\/index.php?rest_route=%2Fwp%2Fv2%2Fmedia&parent=11"}],"curies":[{"name":"wp","href":"https:\/\/api.w.org\/{rel}","templated":true}]}}